-m + 22. List the prime factors of m.
2, 19
Let s(n) = n**3 - 3*n**2 - 5*n + 9. Let t be s(4). Suppose 0 = 6*q - t*q - 3. Suppose 5*h - 46 = q*h. List the prime factors of h.
23
Suppose -6*x = -x + 3*a - 4980, 5*x = 5*a + 4940. List the prime factors of x.
3, 331
Let l(o) be the second derivative of o**5/20 + 7*o**4/12 + o**3/3 + 4*o**2 - 7*o. Let b be l(-5). Suppose 3*i = -0*i + b. List the prime factors of i.
2
What are the prime factors of ((-924)/11)/(4/(-10))?
2, 3, 5, 7
Let n(v) = 6*v**2 + 22*v + 48. What are the prime factors of n(12)?
2, 3, 7
Suppose 10085 = 3*c - 2239. What are the prime factors of c?
2, 13, 79
Let k(y) = y**3 + 11*y**2 - 2*y - 12. Let r be k(-11). Let c = -10 + r. Suppose 5*z - 2*z - 57 = c. What are the prime factors of z?
19
Suppose 0 = -5*s - 2*q + 31827, -13*s = -18*s + 5*q + 31820. List the prime factors of s.
5, 19, 67
What are the prime factors of ((-65)/39)/((-3)/477)?
5, 53
Suppose 29 = x - 40. Let t = x + -49. Let r = t + -11. List the prime factors of r.
3
Suppose 0 = 2*q + 57 - 189. Let h be q/(-6) + 2*1. Let x = h + 35. What are the prime factors of x?
2, 13
Let f = 1 - -3. Suppose 4*m - f = -4*h, -4 = -0*h + h. Suppose -241 + 76 = -m*a. List the prime factors of a.
3, 11
What are the prime factors of (-1448)/20*4*(-95)/38?
2, 181
Let z = 1542 - -1484. What are the prime factors of z?
2, 17, 89
Let b(s) = s - 16. Let z be b(15). List the prime factors of z/(-1 - 435/(-440)).
2, 11
Let k = -16 - -20. Suppose -k*q - 20 = -4*c + 204, c - 5*q = 76. Suppose 5*g - c = -5*w + 139, 50 = w - 5*g. List the prime factors of w.
2, 5
Let o = -4 - -11. Suppose 5*v = -2*n - 100, 64 - o = -n + v. List the prime factors of n/(-3) + (-2)/(-3).
19
Let w(r) = -36*r - 8. Let n be w(-2). Suppose 16 = -4*x + n. What are the prime factors of x?
2, 3
Suppose 0 = p + 5*i + 70 - 225, 0 = -p + 2*i + 190. List the prime factors of p.
2, 3, 5
Let l(h) = -h**2 + 16*h + 17. Let b be l(17). Suppose -3*y = -6 - b. Suppose y*p - 44 = 38. List the prime factors of p.
41
Let v(y) = -y**2 + 15*y - 26. Let w be v(11). Let h = -15 - w. List the prime factors of h/44 + 211/4.
2, 13
Let j(y) = -y**2 - 42*y - 132. List the prime factors of j(-27).
3, 7, 13
Suppose 0 = -n + 9 - 4. Suppose 0 = -m + 2*o - 0*o, 2*m = n*o - 2. Suppose 5*a = -4*v + 71, m*a - 73 = -a - 2*v. What are the prime factors of a?
3, 5
Suppose -2*p - 2*k = 0, k = p - 2 - 2. Let i(u) = 2*u**2 + 6*u**p - 9*u - 7*u**2 - 13. List the prime factors of i(12).
23
Suppose 150 = 4*k + k. Let t be 168/k - (-4)/10. Suppose -3*j - 18 = -t*j. List the prime factors of j.
2, 3
Let w(d) = -19*d + 219. What are the prime factors of w(-44)?
5, 211
Suppose 6 - 20 = 2*z. List the prime factors of (-1)/(35/(-2585)) - 1/z.
2, 37
Suppose -1 = 2*r + 1, 5*p - 2*r = 27. Suppose 5*w - 30 = 5*t, 0 = 2*w - p*t - 10 + 1. Let z(x) = x**2 - 2*x - 2. What are the prime factors of z(w)?
3, 11
Let x(g) = -2*g**2 - 11*g + 8. Let w be x(-6). Suppose 2*o + 4*k - 4 = 0, w*k = -4*o - 2*k. List the prime factors of (0 + o)*(-105)/6.
5, 7
Suppose l - 2*i - 1679 = 0, -8*l + 10*l + 5*i - 3313 = 0. What are the prime factors of l?
1669
Let u(j) = -j**3 + 7*j**2 + 3*j + 5. Let t be 3*10/45*9. What are the prime factors of u(t)?
59
List the prime factors of 70872/14 + 26/(-91).
2, 2531
Suppose 8*s - 13984 = -24*s. What are the prime factors of s?
19, 23
Suppose 0 = 4*t - t + 5*l - 112, t - 36 = -2*l. What are the prime factors of 2/4*t - 4?
2, 3
Suppose 31*q - 2389 = 13886. What are the prime factors of q?
3, 5, 7
Let m = -95 - -158. Suppose 2*h - 2*k = -6, 5*h - h = -4*k - 12. List the prime factors of (m/(-6))/(h/8).
2, 7
Let k = 5602 - 1879. List the prime factors of k.
3, 17, 73
Let s(z) = z**3 - 8*z**2 - 7*z - 4. Suppose -4*r = -r. Suppose -3*g + 23 + 4 = r. What are the prime factors of s(g)?
2, 7
Let r = 36 - 35. List the prime factors of 108/60*r*35.
3, 7
What are the prime factors of 19 + -16 - 1201/(-2 - -1)?
2, 7, 43
Suppose -16*o + 5497 = 2*h - 13*o, -3*h - o = -8249. List the prime factors of h.
2, 5, 11
Suppose x - 3*k = -8*k + 52, -2*x - 2*k = -120. Let m = 105 - x. List the prime factors of m*(1/1 - 0).
43
Let t(d) = -d + 5. Suppose -18*v + 14*v + 12 = 0. Let j be t(v). Suppose -5*s - 23 = -c + 4, -5*c = j*s - 54. List the prime factors of c.
2, 3
Suppose -3*p + 372 + 93 = 4*i, 4*i - 616 = -4*p. Suppose -3*g = -0*g - 2*w - p, 0 = -5*g + 5*w + 250. What are the prime factors of g?
3, 17
Let d(w) = -772*w + 0 + 16*w - 571*w + 6. Let x be d(-2). List the prime factors of x/110 - 2/11.
2, 3
Let j(y) = -y**2 - 9*y + 6. Let z = -11 - -2. Let v be j(z). List the prime factors of v/(-4) + 328/16.
19
Suppose -u + 57 = -1139. List the prime factors of u.
2, 13, 23
Suppose 93 = -2*g + 5. Let b = g - -105. What are the prime factors of b?
61
Suppose -23*s = -25*s - 3*j + 4766, 0 = -5*s - 2*j + 11915. What are the prime factors of s?
2383
Suppose 15477 = 3*s - 3*v, 2*s - 4*v = s + 5171. What are the prime factors of s?
5, 1031
Let r(u) = -4*u - 5. Let w be r(-3). Suppose -o + 3 = -w. Suppose o*c - 8*c - 104 = 0. List the prime factors of c.
2, 13
Suppose u - 3*y = 1 + 7, -6 = -2*u + 4*y. Let g(v) = -v**3 - 6*v**2 + 6*v + 2. Let c be g(u). Suppose 0 = -0*o + 3*o - c. List the prime factors of o.
3
Suppose -4*r = -9*r + 10. Suppose 5*l + r*f - 158 = 0, -3*l = 2*l - 3*f - 138. Suppose 0 = -b + 106 - l. What are the prime factors of b?
2, 19
Let x be (-54)/(-24) + 2/(-8). Suppose 332 = 4*o + x*t + 2*t, -5*t - 415 = -5*o. List the prime factors of o.
83
Let l = 38 - 31. Suppose -5*o + 440 = -l*h + 2*h, -o + 92 = 3*h. List the prime factors of o.
89
Let m(w) be the second derivative of w**4/6 + 3*w**3/2 - 19*w**2/2 + 2*w. What are the prime factors of m(-8)?
37
Let y be -2*(-3)/(12/832) - 0. Suppose 7*z = y + 683. What are the prime factors of z?
157
Suppose -3*w + 12 = 0, -4*n - 7*w + 10*w = -112. What are the prime factors of n?
31
Let w = 1129 + -639. What are the prime factors of w?
2, 5, 7
Let m be (1 - 18/3) + 1. Let y = m + 8. Suppose 3*x - 136 = -y*p - 0*x, 4*p - x - 136 = 0. List the prime factors of p.
2, 17
Suppose -5*l = -4*r - 0*r - 39, -2*l - 2*r = -30. Suppose -3*u = -4*k + 11, -5*u - k + l = -3*u. Let y(a) = a**2 + 2*a + 1. What are the prime factors of y(u)?
2
Suppose -4*m - 8 + 16 = 0. Suppose h - m*n = 149, -3*h - 2*n = -2*h - 161. What are the prime factors of h?
5, 31
Let b = -48 - 12. Let j = -12 - b. What are the prime factors of j?
2, 3
Suppose 1082 = 5*z + 322. What are the prime factors of z?
2, 19
Suppose 515 = g - 274. Suppose -g = -4*x + 5*d, -d = -5*x + 9*x - 759. What are the prime factors of x?
191
Let g(o) = o**3 - 48*o**2 + 24*o - 146. What are the prime factors of g(48)?
2, 503
Let w be 2/8 + (-249)/(-12). Suppose -3*y + w = -138. What are the prime factors of y?
53
Suppose -3*r + 3*d = 177, 5*d = 2*d. Let f = 124 + r. List the prime factors of f.
5, 13
List the prime factors of ((-14)/(-42))/(6/6948).
2, 193
Let l = -13 - -64. Suppose -12*g + l = -11*g. What are the prime factors of g?
3, 17
Let u(k) = 0*k - 5*k + k + 6*k + 23. List the prime factors of u(-9).
5
Let h = 1235 - 686. Let k = h + -383. What are the prime factors of k?
2, 83
Let q(m) = 138*m - 198. What are the prime factors of q(5)?
2, 3, 41
Suppose -158*b = -148*b - 12290. What are the prime factors of b?
1229
Suppose -925 = x - 4*x - v, -3*x + 2*v = -913. List the prime factors of x.
307
Let j = -2193 - -3132. What are the prime factors of j?
3, 313
Let l(g) = 4 + 4*g + 3*g + g**2 + 0*g**2. Suppose 4*c + 35 = -c. List the prime factors of l(c).
2
Let q(j) be the third derivative of 0*j + 1/15*j**5 + 0 - 1/8*j**4 + 0*j**3 + 3*j**2. List the prime factors of q(2).
2, 5
Let x(c) = -c**3 + 5*c**2 - 3*c - 3. Let f be x(5). Let w be 1 - -2 - ((-9 - -8) + -1). List the prime factors of (f/w)/((-2)/5).
3
Let u(f) = -f**2 + 3*f + 5. Let z be u(6). Let b be -1*1*(z + -1). List the prime factors of -7*-2*2/b.
2
Let s = -12 - -15. Suppose -5*y + y = k - 15, y = s*k - 84. What are the prime factors of k?
3
Suppose -3*u - 24*u = -17307. List the prime factors of u.
641
Suppose -3*v - v = -8. Let o(z) = -z**3 - 8*z**2 + z - 68. Let p be o(-9). Suppose p*k = -v*q + 7*q - 159, 4*k = -q + 27. List the prime factors of q.
31
Suppose -1476